e remainder when c is divided by 14?
12
Calculate the remainder when 1004 is divided by 10/140*2 - 194/(-14).
10
Let h be 2/(-5) - (-156)/65. Suppose -h = -2*o + 4. Let f(j) = j**3 - 13*j**2 + 39*j + 30. What is the remainder when f(7) is divided by o?
0
Let n(g) = -3*g**3 + 37*g**2 + 149*g - 14. Calculate the remainder when 431 is divided by n(15).
10
Let w(l) be the second derivative of 43*l**5/20 - l**4/12 - 3*l**3/2 + 5*l**2 - 169*l. Calculate the remainder when w(2) is divided by 5.
2
Suppose 0 = 4*r + 3*z + 274 - 691, 5*r - 4*z - 498 = 0. What is the remainder when 1833 is divided by r?
99
Let r = 498 - 100. Let p = -368 + r. Calculate the remainder when 94 is divided by p.
4
Suppose -19 = -4*y - 3*w + 4*w, 5*y + w - 35 = 0. Suppose -804 = -3*b + y. What is the remainder when b is divided by 21?
18
Let c(l) = 3*l**2 - 2*l - 1. Calculate the remainder when c(2) is divided by (-516)/774 + -1 + (-17)/(-3).
3
Let h(w) = 12*w**2 + 10*w - 22. Let n be h(6). Let d = n - 461. Let q(v) = 2*v**2 + 4*v - 5. What is the remainder when q(-6) is divided by d?
7
Let r(n) = -n**3 - 20*n**2 - 31*n - 201. Calculate the remainder when 75 is divided by r(-19).
21
Suppose 118 = 2*q + j, 177 = 3*q + j - 5*j. Suppose -5*y = -4*v + 1087, 4*v = 390*y - 359*y + 749. Calculate the remainder when v is divided by q.
52
Let k(r) = r**2 - 2*r + 3. Let y(a) = -a**3 + 9*a**2 + 152*a - 992. Calculate the remainder when y(6) is divided by k(5).
10
Suppose -18*y - 2190 = 4*y - 22254. Calculate the remainder when y is divided by 116.
100
Let d(x) = -520*x + 206. What is the remainder when d(-1) is divided by 28?
26
Suppose -15*p + 18*p = 1512. Suppose 6*g - p = 2*g. Suppose 0 = -4*k + 46 + g. What is the remainder when k is divided by 11?
10
Let i = 5467 - 1605. Calculate the remainder when i is divided by 42.
40
Suppose -1282 - 158 = -20*k. Calculate the remainder when 426 is divided by k.
66
What is the remainder when (309/(-9)*-3)/((-10)/(-30)) is divided by 35?
29
Let d = 248 + -278. What is the remainder when 197 is divided by 1 + -1 - d - (-20 + 22)?
1
Let r(l) = -2*l**2 + 1. Let g(z) = 9*z**2 + 22*z - 1. Let x(f) = g(f) + 5*r(f). What is the remainder when x(20) is divided by 15?
14
Suppose -6*p - 81 = -15*p. Suppose -p*t + 11*t - 30 = -2*g, 4*g - 4 = 0. What is the remainder when 19 is divided by t?
5
What is the remainder when ((-3936)/(-6) - 0)*(-15)/(-10) is divided by 110?
104
Let h(y) = y**3 - 12*y**2 + 2*y - 71. Suppose -j + 0*j = -4*z + 57, 0 = -5*z - 2*j + 55. Calculate the remainder when h(z) is divided by 15.
4
Suppose -6 = -p - 2. Suppose 8*x - p = 28. Suppose 0 = -l - x*r + 111, -2*l + 486 = 2*l + 2*r. What is the remainder when l is divided by 18?
15
Calculate the remainder when (20*(-504)/490)/((-15034)/(-7518) - 2) is divided by 19.
17
Suppose -2*j + 2 = 2*j + 2*x, 3*j = -4*x - 11. Suppose j = 3*z - 57. Let y = z - -11. Calculate the remainder when y is divided by 12.
7
Suppose 0 = -3*g + j - 2*j + 832, 0 = -g - 4*j + 292. Suppose -4*u = -280 - g. Calculate the remainder when u is divided by 24.
19
Let c = -8226 + 9405. Calculate the remainder when c is divided by 44.
35
Suppose -40 = -272*p + 273*p. Calculate the remainder when 452 is divided by (-1)/3 + 49*p/(-30).
62
Let a(x) = -x**3 - 4*x**2 - 2*x - 2. Let d be 3/(-2) + (-40)/16. Let l be a(d). What is the remainder when l/(-9)*1 - 238/(-6) is divided by 21?
18
Suppose -22*l - 10*l = -5059 - 253. Calculate the remainder when 1131 is divided by l.
135
Suppose -3*t + 133*x - 137*x + 69 = 0, -3*x - 117 = -4*t. What is the remainder when 315 is divided by t?
18
Let u(v) = 8*v**2 - v + 1. Let b = 4 - 3. What is the remainder when ((-344)/(-602) - (-39)/(-7))/((-1)/4) is divided by u(b)?
4
Let r(v) be the second derivative of 0 + 11*v + 41/2*v**2 + 1/6*v**3. Calculate the remainder when 78 is divided by r(-14).
24
Calculate the remainder when 2 - 9/5 - (-10168)/310 is divided by 23.
10
Let c = -38025 + 39083. Calculate the remainder when 5299 is divided by c.
9
Let d(h) = 24*h**3 - 2*h**2 + 46*h - 45. What is the remainder when 33 is divided by d(1)?
10
Let t = -2923 - -2961. What is the remainder when 226 is divided by t?
36
Suppose 3*x - 216 - 102 = 0. Suppose s - y = -34, 0*y = 3*s - 4*y + x. Let k = s + 33. What is the remainder when k is divided by 2?
1
Let n(y) = -y**2 - 16*y + 66. Let j = -55 - -37. Calculate the remainder when 110 is divided by n(j).
20
Let d be 5/30*0 + -4. Calculate the remainder when (6 + -3 + d)/(1/(-33)) is divided by 19.
14
Suppose -7*p + 1109 = 1039. Calculate the remainder when (-5)/2*(-474)/15 is divided by p.
9
Let z = 33 - 30. Suppose -z*m + 2*m = -29. Suppose -6*r + 5*r = -m. Calculate the remainder when r is divided by 9.
2
Suppose 92 = -3*q - 16. Let s = q - -52. Suppose 19*h - 234 = 16*h. What is the remainder when h is divided by s?
14
Let h = 278 - 107. What is the remainder when h is divided by 1*((-245)/28)/(-7)*20?
21
Suppose -1080 = 9*q + 9*q. Let z be (-24)/q - (-2 + (-584)/(-10)). What is the remainder when (-1 - -3)*-4*609/z is divided by 11?
10
Let p(q) = q + 18 - 3*q + 19 + 0*q. Suppose 5*z = t + 78, -15*z - 5*t - 54 = -19*z. Calculate the remainder when 29 is divided by p(z).
4
Suppose 313 - 351 = -h + 4*g, -3*g - 21 = 0. Let p = 18 + 31. Calculate the remainder when p is divided by h.
9
Suppose -5*p = c - 85, -3*c + 102 + 193 = 5*p. Suppose 723 = -21*a + 912. What is the remainder when c is divided by a?
6
Suppose -12 = -3*j, -5*j = -5*f + 2444 + 6746. Calculate the remainder when f is divided by 66.
60
Let l = -8330 + 9228. Calculate the remainder when l is divided by 17.
14
Let i(g) = -2*g**3 + g**2 + 4*g + 3. Suppose m - 34 = 8. Suppose -10 = m*s - 37*s. Calculate the remainder when i(s) is divided by 6.
3
Let m = 4125 - 3388. Calculate the remainder when m is divided by 106.
101
Suppose -418*c = -309*c - 29757. Calculate the remainder when c is divided by 91.
0
Let t(c) = c**3 + 5*c**2 + 3*c + 6. Let l be ((-1)/(-2) - 0)/(3/(-180)). Let a = l + 33. Calculate the remainder when t(-4) is divided by a.
1
Let s(p) = -13*p + 79. Let w be s(-29). Suppose 5*g - 13*g + w = 0. Calculate the remainder when 224 is divided by g.
53
Suppose 4162 + 26258 = 195*u. Calculate the remainder when 1207 is divided by u.
115
Let m(b) = 5*b**3 - b**3 - 78*b - 5*b**3 + 19 - 15*b**2 + 65*b. Let x be m(-14). Suppose -143 = -x*s - 78. What is the remainder when 63 is divided by s?
11
Suppose 33*a = 108*a - 834900. Calculate the remainder when a is divided by 58.
54
Suppose 2437 = 91*d - 1962 + 1032. What is the remainder when 8213 is divided by d?
36
Let x be 1/((-1)/(15/3)). Suppose -3*r + r + 17 = -5*m, -m - 1 = 0. What is the remainder when 8 - (-3 + x) - (-1 + 1) is divided by r?
4
Suppose 7*x = x + 420. Suppose 18*k + 189 - 657 = 0. Calculate the remainder when x is divided by k.
18
Suppose 287*g = 281*g - 120. Calculate the remainder when (g/((-200)/405))/(2/12) is divided by 50.
43
Let d(s) = s**2 - s + 8. Let b = 4515 + -4385. What is the remainder when b is divided by d(4)?
10
What is the remainder when -5*((-13869)/15 + 16) is divided by 71?
70
Suppose 15*c = 20*c + 2*h - 11878, 5*c = 2*h + 11882. What is the remainder when 2381 is divided by c?
5
Suppose 0 = -y + 5*y - 20. Suppose 3*p - 76 = y*u, 148 = 5*p - u - 2*u. Calculate the remainder when ((-21)/(-6))/((-2)/(-216)*3) is divided by p.
30
Let m(o) = o**3 - 9*o**2 - o + 9. Let g be m(9). Suppose t = -g*t + 136. Suppose 28 = 8*i - 340. What is the remainder when t is divided by i?
44
Let j = 40 + -40. Suppose j = 5*y - 4*d + 28, 0*y + y + 3*d = -17. Let i = y - -19. What is the remainder when 20 is divided by i?
9
Suppose -2569 = -166*d + 159*d. Let h = -165 + d. Calculate the remainder when h is divided by 41.
38
Let i(h) = -25*h - 129. What is the remainder when i(-21) is divided by 21?
18
Suppose -71*x = -104*x + 54*x - 1491. Calculate the remainder when 1631 is divided by x.
69
Let m = -2206 - -2303. Calculate the remainder when 185 is divided by m.
88
Let n = -68 - -107. Suppose n = 7*y + 11. Suppose 12 = y*z, -3*z + 19 = 2*d - 16. What is the remainder when 24 is divided by d?
11
Let b(a) = -75*a + 1432. What is the remainder when 964 is divided by b(17)?
22
Suppose 51*q - 8234 - 181 = 0. What is th